{"id":276,"date":"2011-01-21T14:57:27","date_gmt":"2011-01-21T14:57:27","guid":{"rendered":"http:\/\/www.paareprojekt.de\/?page_id=276"},"modified":"2011-04-16T13:56:28","modified_gmt":"2011-04-16T13:56:28","slug":"paare-1971","status":"publish","type":"page","link":"http:\/\/www.paareprojekt.de\/?page_id=276","title":{"rendered":"Paare 1971"},"content":{"rendered":"<p>Ausgangspunkt f\u00fcr uns ist das Projekt &#8222;Paare: Menschenbilder aus der Bundesrepublik Deutschland zu Beginn der siebziger Jahre&#8220;, f\u00fcr das <strong>Beate Rose<\/strong> im Jahr 1971 gemeinsam mit Heinz Rose Paare in ganz Deutschland fotografiert haben. Im Verlag Langewiesche-Brandt ist ein Jahr sp\u00e4ter ihr Buch erschienen, in dem sie 76 dieser Paare zwischen 14 und 98 Jahre versammelt haben. Im Vorwort erkl\u00e4ren sie ihr Projekt selbst mit den Worten:<\/p>\n<p><em>&#8222;Dieses Buch zeigt Menschen, die 1971 Paare waren. Sie waren schon l\u00e4nger oder lange zusammen oder erst seit kurzem oder nur vor\u00fcbergehend. Sie hatten zwei Weltkriege erlebt oder einen oder keinen. Sie wohnten in verschiedenen L\u00e4ndern der Bundesrepublik Deutschland. Sie geh\u00f6rten verschiedenen Schichten an. Sie waren verschieden gebildet und ausgebildet. Sie \u00fcbten verschiedene Berufe aus. Der wei\u00dfe Hintergrund, vor dem wir sie fotografiert haben, schien uns zun\u00e4chst eine M\u00f6glichkeit, die Paare unabh\u00e4ngig von sozialen Gegebenheiten zu portr\u00e4tieren. Im Verlauf der Arbeit haben wir eingesehen, das das unm\u00f6glich ist: Auch unabh\u00e4ngig von der Umgebung erweisen sich die Dargestellten als Produkt gesellschafter Verh\u00e4ltnisse. Kleidung, Mimik, K\u00f6rperhaltung, die Stellung zueinander: dies alles war Sache der Paare, die vor die Kamera traten. Wir haben nur jeweils etwa die gleichen technischen Bedingungen hergestellt.&#8220;<\/em><\/p>\n<p>Wir danken Beate Rose sehr, dass Sie uns einige Ihrer Aufnahmen f\u00fcr unseren Blog zur Verf\u00fcgung gestellt hat!<em><br \/>\n<\/em><\/p>\n<p><em>\n<div class=\"gallery\">\n\t<dl class=\"gallery-item gallery-columns-5\">\n\t\t<dt class=\"gallery-icon\"><a href=\"http:\/\/www.paareprojekt.de\/?attachment_id=393\" title=\"Banklehrling 18, Berufsaufbausch\u00fcler (Elektromechaniker) 20 \u00a9 Beate Rose\" rel=\"attachment\"><img src=\"http:\/\/www.paareprojekt.de\/wp-content\/uploads\/Banklehrling-18-Berufsaufbausch\u00fcler-Elektromechaniker-20-102x150.jpg\" alt=\"Banklehrling 18, Berufsaufbausch\u00fcler (Elektromechaniker) 20 \u00a9 Beate Rose\" class=\"gallery-image attachment-thumbnail\" \/><\/a><\/dt>\n\t<\/dl>\n\t<dl class=\"gallery-item gallery-columns-5\">\n\t\t<dt class=\"gallery-icon\"><a href=\"http:\/\/www.paareprojekt.de\/?attachment_id=394\" title=\"Fachlehrerin f\u00fcr Englisch 24, Kupferschmied 24 \u00a9 Beate Rose\" rel=\"attachment\"><img src=\"http:\/\/www.paareprojekt.de\/wp-content\/uploads\/Fachlehrerin-f\u00fcr-Englisch-24-Kupferschmied-24-102x150.jpg\" alt=\"Fachlehrerin f\u00fcr Englisch 24, Kupferschmied 24 \u00a9 Beate Rose\" class=\"gallery-image attachment-thumbnail\" \/><\/a><\/dt>\n\t<\/dl>\n\t<dl class=\"gallery-item gallery-columns-5\">\n\t\t<dt class=\"gallery-icon\"><a href=\"http:\/\/www.paareprojekt.de\/?attachment_id=395\" title=\"Gro\u00dfhandelskaufmann 31, Inhaberin eines Kunstgewerbeladens (Industriekaufmann) 29 \u00a9 Beate Rose\" rel=\"attachment\"><img src=\"http:\/\/www.paareprojekt.de\/wp-content\/uploads\/Gro\u00dfhandelskaufmann-31-Inhaberin-eines-Kunstgewerbeladens-Industriekaufmann-29-102x150.jpg\" alt=\"Gro\u00dfhandelskaufmann 31, Inhaberin eines Kunstgewerbeladens (Industriekaufmann) 29 \u00a9 Beate Rose\" class=\"gallery-image attachment-thumbnail\" \/><\/a><\/dt>\n\t<\/dl>\n\t<dl class=\"gallery-item gallery-columns-5\">\n\t\t<dt class=\"gallery-icon\"><a href=\"http:\/\/www.paareprojekt.de\/?attachment_id=396\" title=\"Hausfrau (Verk\u00e4uferin) 34, Lagermeister 44 \u00a9 Beate Rose\" rel=\"attachment\"><img src=\"http:\/\/www.paareprojekt.de\/wp-content\/uploads\/Hausfrau-Verk\u00e4uferin-34-Lagermeister-44-102x150.jpg\" alt=\"Hausfrau (Verk\u00e4uferin) 34, Lagermeister 44 \u00a9 Beate Rose\" class=\"gallery-image attachment-thumbnail\" \/><\/a><\/dt>\n\t<\/dl>\n\t<dl class=\"gallery-item gallery-columns-5\">\n\t\t<dt class=\"gallery-icon\"><a href=\"http:\/\/www.paareprojekt.de\/?attachment_id=397\" title=\"Hausfrau 34, Kaufmann f\u00fcr \u00dcberseeh\u00f6lzer 44 \u00a9 Beate Rose\" rel=\"attachment\"><img src=\"http:\/\/www.paareprojekt.de\/wp-content\/uploads\/Hausfrau-34-Kaufmann-f\u00fcr-\u00dcberseeh\u00f6lzer-44-102x150.jpg\" alt=\"Hausfrau 34, Kaufmann f\u00fcr \u00dcberseeh\u00f6lzer 44 \u00a9 Beate Rose\" class=\"gallery-image attachment-thumbnail\" \/><\/a><\/dt>\n\t<\/dl>\n<\/div>\n<div class=\"gallery\">\n\t<dl class=\"gallery-item gallery-columns-5\">\n\t\t<dt class=\"gallery-icon\"><a href=\"http:\/\/www.paareprojekt.de\/?attachment_id=398\" title=\"Hausfrau 46, Angestellter beim Finanzamt 44 \u00a9 Beate Rose\" rel=\"attachment\"><img src=\"http:\/\/www.paareprojekt.de\/wp-content\/uploads\/Hausfrau-46-Angestellter-beim-Finanzamt-44-102x150.jpg\" alt=\"Hausfrau 46, Angestellter beim Finanzamt 44 \u00a9 Beate Rose\" class=\"gallery-image attachment-thumbnail\" \/><\/a><\/dt>\n\t<\/dl>\n\t<dl class=\"gallery-item gallery-columns-5\">\n\t\t<dt class=\"gallery-icon\"><a href=\"http:\/\/www.paareprojekt.de\/?attachment_id=399\" title=\"Kommunikationsberatung 39, Rechtsanwalt, Reedereivorstand 43 \u00a9 Beate Rose\" rel=\"attachment\"><img src=\"http:\/\/www.paareprojekt.de\/wp-content\/uploads\/Kommunikation-39-Rechtsanwalt-Reedereivorstand-43-102x150.jpg\" alt=\"Kommunikationsberatung 39, Rechtsanwalt, Reedereivorstand 43 \u00a9 Beate Rose\" class=\"gallery-image attachment-thumbnail\" \/><\/a><\/dt>\n\t<\/dl>\n\t<dl class=\"gallery-item gallery-columns-5\">\n\t\t<dt class=\"gallery-icon\"><a href=\"http:\/\/www.paareprojekt.de\/?attachment_id=400\" title=\"Landwirtsfrau 79, Landwirt 84 \u00a9 Beate Rose\" rel=\"attachment\"><img src=\"http:\/\/www.paareprojekt.de\/wp-content\/uploads\/Landwirtsfrau-79-Landwirt-84-102x150.jpg\" alt=\"Landwirtsfrau 79, Landwirt 84 \u00a9 Beate Rose\" class=\"gallery-image attachment-thumbnail\" \/><\/a><\/dt>\n\t<\/dl>\n\t<dl class=\"gallery-item gallery-columns-5\">\n\t\t<dt class=\"gallery-icon\"><a href=\"http:\/\/www.paareprojekt.de\/?attachment_id=402\" title=\"Stadtbaurat 48, Hausfrau (Architekturstudium) 44 \u00a9 Beate Rose\" rel=\"attachment\"><img src=\"http:\/\/www.paareprojekt.de\/wp-content\/uploads\/Stadtbaurat-48-Hausfrau-Architekturstudium-44-102x150.jpg\" alt=\"Stadtbaurat 48, Hausfrau (Architekturstudium) 44 \u00a9 Beate Rose\" class=\"gallery-image attachment-thumbnail\" \/><\/a><\/dt>\n\t<\/dl>\n\t<dl class=\"gallery-item gallery-columns-5\">\n\t\t<dt class=\"gallery-icon\"><a href=\"http:\/\/www.paareprojekt.de\/?attachment_id=401\" title=\"Paare - Menschenbilder aus der Bundesrepublik Deutschland zu Beginn der siebziger Jahre\" rel=\"attachment\"><img src=\"http:\/\/www.paareprojekt.de\/wp-content\/uploads\/Paare-Menschenbilder-aus-der-Bundesrepublik-Deutschland-zu-Beginn-der-siebziger-Jahre-150x150.jpg\" alt=\"Paare - Menschenbilder aus der Bundesrepublik Deutschland zu Beginn der siebziger Jahre\" class=\"gallery-image attachment-thumbnail\" \/><\/a><\/dt>\n\t<\/dl>\n<\/div>\n<div class=\"gallery\">\n<\/div>\n<br \/>\n<\/em><\/p>\n","protected":false},"excerpt":{"rendered":"<p>Ausgangspunkt f\u00fcr uns ist das Projekt &#8222;Paare: Menschenbilder aus der Bundesrepublik Deutschland zu Beginn der siebziger Jahre&#8220;, f\u00fcr das Beate Rose im Jahr 1971 gemeinsam mit Heinz Rose Paare in ganz Deutschland fotografiert haben. Im Verlag Langewiesche-Brandt ist ein Jahr sp\u00e4ter ihr Buch erschienen, in dem sie 76 dieser Paare zwischen 14 und 98 Jahre [&hellip;]<\/p>\n","protected":false},"author":1,"featured_media":0,"parent":0,"menu_order":2,"comment_status":"closed","ping_status":"closed","template":"","meta":{"footnotes":""},"_links":{"self":[{"href":"http:\/\/www.paareprojekt.de\/index.php?rest_route=\/wp\/v2\/pages\/276"}],"collection":[{"href":"http:\/\/www.paareprojekt.de\/index.php?rest_route=\/wp\/v2\/pages"}],"about":[{"href":"http:\/\/www.paareprojekt.de\/index.php?rest_route=\/wp\/v2\/types\/page"}],"author":[{"embeddable":true,"href":"http:\/\/www.paareprojekt.de\/index.php?rest_route=\/wp\/v2\/users\/1"}],"replies":[{"embeddable":true,"href":"http:\/\/www.paareprojekt.de\/index.php?rest_route=%2Fwp%2Fv2%2Fcomments&post=276"}],"version-history":[{"count":49,"href":"http:\/\/www.paareprojekt.de\/index.php?rest_route=\/wp\/v2\/pages\/276\/revisions"}],"predecessor-version":[{"id":444,"href":"http:\/\/www.paareprojekt.de\/index.php?rest_route=\/wp\/v2\/pages\/276\/revisions\/444"}],"wp:attachment":[{"href":"http:\/\/www.paareprojekt.de\/index.php?rest_route=%2Fwp%2Fv2%2Fmedia&parent=276"}],"curies":[{"name":"wp","href":"https:\/\/api.w.org\/{rel}","templated":true}]}}